{"id":9828,"date":"2026-03-16T10:43:25","date_gmt":"2026-03-16T09:43:25","guid":{"rendered":"https:\/\/couleurs-chakras.com\/?post_type=product&#038;p=9828"},"modified":"2026-03-16T11:41:13","modified_gmt":"2026-03-16T10:41:13","slug":"bracelet-angelite-bleue","status":"publish","type":"product","link":"https:\/\/couleurs-chakras.com\/index.php\/product\/bracelet-angelite-bleue\/","title":{"rendered":"Bracelet Ang\u00e9lite bleue libellule \u00e9toil\u00e9e"},"content":{"rendered":"<p class=\"isSelectedEnd\">Succombez au charme d\u00e9licat de ce <strong>bracelet en Ang\u00e9lite<\/strong>, une cr\u00e9ation \u00e9l\u00e9gante pens\u00e9e pour accompagner la femme moderne au quotidien. Un bijou \u00e0 la fois doux, lumineux et intemporel.<\/p>\n<p class=\"isSelectedEnd\"><strong>L&rsquo;Ang\u00e9lite \u2013 Pierre de douceur et de s\u00e9r\u00e9nit\u00e9<\/strong><\/p>\n<p class=\"isSelectedEnd\">L\u2019ang\u00e9lite est une pierre naturelle bleu p\u00e2le reconnue pour son \u00e9nergie douce et apaisante. En lithoth\u00e9rapie, elle est associ\u00e9e au calme int\u00e9rieur, \u00e0 la paix \u00e9motionnelle et \u00e0 une communication plus sereine.<\/p>\n<p class=\"isSelectedEnd\">Cette pierre est souvent utilis\u00e9e pour favoriser la d\u00e9tente, apaiser le stress et accompagner les moments de m\u00e9ditation. Reli\u00e9e au chakra de la gorge, elle aiderait \u00e0 exprimer ses \u00e9motions avec douceur et authenticit\u00e9.<\/p>\n<p class=\"isSelectedEnd\">L\u2019ang\u00e9lite est \u00e9galement consid\u00e9r\u00e9e comme une pierre de r\u00e9confort, id\u00e9ale pour cr\u00e9er une atmosph\u00e8re paisible et harmonieuse au quotidien.<\/p>\n<p class=\"isSelectedEnd\">Un bijou raffin\u00e9 qui habille votre poignet avec une \u00e9l\u00e9gance naturelle.<\/p>\n<p class=\"isSelectedEnd\">\ud83e\udeb6 <strong>Le D\u00e9tail :<\/strong> Des perles d\u2019ang\u00e9lite naturelles de <strong>6 mm et 8 mm<\/strong>, mont\u00e9es en bracelet pour r\u00e9v\u00e9ler toute la douceur de leur bleu poudr\u00e9.<\/p>\n<p class=\"isSelectedEnd\"><strong>Conseil Style :<\/strong> Portez-le seul pour une touche minimaliste ou associ\u00e9 \u00e0 d\u2019autres bracelets fins pour un effet \u00e9l\u00e9gant et tendance.<\/p>\n<p><em><strong>Conseil d\u2019entretien :<\/strong> l\u2019ang\u00e9lite est une pierre sensible \u00e0 l\u2019eau. \u00c9vitez de la mouiller et privil\u00e9giez une purification douce (fumigation, g\u00e9ode d\u2019am\u00e9thyste, etc.).<\/em><\/p>\n<p>&nbsp;<\/p>\n<p>&nbsp;<\/p>\n<p>&nbsp;<\/p>\n","protected":false},"excerpt":{"rendered":"<p>Succombez au charme d\u00e9licat de ce bracelet en Ang\u00e9lite, une cr\u00e9ation \u00e9l\u00e9gante pens\u00e9e pour accompagner la femme moderne au quotidien. Un bijou \u00e0 la fois doux, lumineux et intemporel. L&rsquo;Ang\u00e9lite \u2013 Pierre de douceur et de s\u00e9r\u00e9nit\u00e9 L\u2019ang\u00e9lite est une pierre naturelle bleu p\u00e2le reconnue pour son \u00e9nergie douce et apaisante. En lithoth\u00e9rapie, elle est&#8230;<\/p>\n","protected":false},"featured_media":9943,"comment_status":"open","ping_status":"closed","template":"","meta":{"_kadence_starter_templates_imported_post":false,"_kad_post_transparent":"default","_kad_post_title":"","_kad_post_layout":"default","_kad_post_sidebar_id":"","_kad_post_content_style":"default","_kad_post_vertical_padding":"default","_kad_post_feature":"","_kad_post_feature_position":"","_kad_post_header":false,"_kad_post_footer":false,"_kad_post_classname":""},"product_brand":[],"product_cat":[20],"product_tag":[],"class_list":{"0":"post-9828","1":"product","2":"type-product","3":"status-publish","4":"has-post-thumbnail","6":"product_cat-bracelet","8":"first","9":"instock","10":"taxable","11":"shipping-taxable","12":"purchasable","13":"product-type-variable","14":"entry","15":"content-bg","16":"loop-entry"},"jetpack_sharing_enabled":true,"_links":{"self":[{"href":"https:\/\/couleurs-chakras.com\/index.php\/wp-json\/wp\/v2\/product\/9828","targetHints":{"allow":["GET"]}}],"collection":[{"href":"https:\/\/couleurs-chakras.com\/index.php\/wp-json\/wp\/v2\/product"}],"about":[{"href":"https:\/\/couleurs-chakras.com\/index.php\/wp-json\/wp\/v2\/types\/product"}],"replies":[{"embeddable":true,"href":"https:\/\/couleurs-chakras.com\/index.php\/wp-json\/wp\/v2\/comments?post=9828"}],"wp:featuredmedia":[{"embeddable":true,"href":"https:\/\/couleurs-chakras.com\/index.php\/wp-json\/wp\/v2\/media\/9943"}],"wp:attachment":[{"href":"https:\/\/couleurs-chakras.com\/index.php\/wp-json\/wp\/v2\/media?parent=9828"}],"wp:term":[{"taxonomy":"product_brand","embeddable":true,"href":"https:\/\/couleurs-chakras.com\/index.php\/wp-json\/wp\/v2\/product_brand?post=9828"},{"taxonomy":"product_cat","embeddable":true,"href":"https:\/\/couleurs-chakras.com\/index.php\/wp-json\/wp\/v2\/product_cat?post=9828"},{"taxonomy":"product_tag","embeddable":true,"href":"https:\/\/couleurs-chakras.com\/index.php\/wp-json\/wp\/v2\/product_tag?post=9828"}],"curies":[{"name":"wp","href":"https:\/\/api.w.org\/{rel}","templated":true}]}}