{"id":9569,"date":"2026-03-10T13:12:24","date_gmt":"2026-03-10T12:12:24","guid":{"rendered":"https:\/\/couleurs-chakras.com\/?post_type=product&#038;p=9569"},"modified":"2026-03-10T21:23:54","modified_gmt":"2026-03-10T20:23:54","slug":"bracelet-triangle-dor-2","status":"publish","type":"product","link":"https:\/\/couleurs-chakras.com\/index.php\/product\/bracelet-triangle-dor-2\/","title":{"rendered":"Bracelet triangle d&rsquo;or"},"content":{"rendered":"<p>\ud83d\udc9c\ud83e\ude77\ud83e\udd0d le triangle d&rsquo;or \ud83d\udc9c\ud83e\ude77\ud83e\udd0d<\/p>\n<p>laissez vous surprendre par la synergie de ses 3 pierres essentielles \u00e0 votre bien-\u00eatre.<\/p>\n<p>\u2728\ufe0f Am\u00e9thyste<\/p>\n<p>En plus de ses propri\u00e9t\u00e9s spirituelles et apaisantes, l&rsquo;am\u00e9thyste est particuli\u00e8rement reconnue pour ses bienfaits sur le sommeil. Elle aide \u00e0 calmer l&rsquo;esprit, r\u00e9duit le stress et les pens\u00e9es intrusives, et peut ainsi pr\u00e9venir les insomnies. Elle favorise \u00e9galement des r\u00eaves plus clairs et peut aider \u00e0 se souvenir des r\u00eaves au r\u00e9veil.<\/p>\n<p>\u2728\ufe0f Quartz rose :<\/p>\n<p>Le quartz rose, avec son \u00e9nergie douce et apaisante, cr\u00e9e une atmosph\u00e8re de paix et de s\u00e9r\u00e9nit\u00e9, id\u00e9ale pour se d\u00e9tendre avant le coucher. Il aide \u00e0 rel\u00e2cher les tensions \u00e9motionnelles qui pourraient perturber le sommeil et encourage un sentiment de s\u00e9curit\u00e9 et d&rsquo;amour, propice \u00e0 un sommeil profond.<\/p>\n<p>\u2728\ufe0fCristal de roche :<\/p>\n<p>Le cristal de roche amplifie l&rsquo;\u00e9nergie des deux autres pierres et aide \u00e0 clarifier les pens\u00e9es. En lib\u00e9rant l&rsquo;esprit des pr\u00e9occupations de la journ\u00e9e, il permet une meilleure relaxation et favorise un sommeil r\u00e9parateur.<\/p>\n<p>Pour profiter de ces bienfaits, vous pouvez placer ces trois pierres sous votre oreiller ou sur votre table de nuit. Leur \u00e9nergie combin\u00e9e cr\u00e9e un cocon de tranquillit\u00e9 qui aide \u00e0 l&rsquo;endormissement et am\u00e9liore la qualit\u00e9 du sommeil. Elles peuvent \u00e9galement \u00eatre dispos\u00e9es en triangle autour de votre lit pour cr\u00e9er une zone de repos harmonieuse.<\/p>\n<p>Ce trio est particuli\u00e8rement utile pour ceux qui ont du mal \u00e0 s&rsquo;endormir ou \u00e0 trouver un sommeil paisible et r\u00e9parateur, favorisant une nuit sereine .<\/p>\n<p>Boule de 6mm qualit\u00e9 AA<\/p>\n","protected":false},"excerpt":{"rendered":"<p>\ud83d\udc9c\ud83e\ude77\ud83e\udd0d le triangle d&rsquo;or \ud83d\udc9c\ud83e\ude77\ud83e\udd0d laissez vous surprendre par la synergie de ses 3 pierres essentielles \u00e0 votre bien-\u00eatre. \u2728\ufe0f Am\u00e9thyste En plus de ses propri\u00e9t\u00e9s spirituelles et apaisantes, l&rsquo;am\u00e9thyste est particuli\u00e8rement reconnue pour ses bienfaits sur le sommeil. Elle aide \u00e0 calmer l&rsquo;esprit, r\u00e9duit le stress et les pens\u00e9es intrusives, et peut ainsi pr\u00e9venir&#8230;<\/p>\n","protected":false},"featured_media":9436,"comment_status":"open","ping_status":"closed","template":"","meta":{"_kadence_starter_templates_imported_post":false,"_kad_post_transparent":"default","_kad_post_title":"","_kad_post_layout":"default","_kad_post_sidebar_id":"","_kad_post_content_style":"default","_kad_post_vertical_padding":"default","_kad_post_feature":"","_kad_post_feature_position":"","_kad_post_header":false,"_kad_post_footer":false,"_kad_post_classname":""},"product_brand":[],"product_cat":[20],"product_tag":[],"class_list":{"0":"post-9569","1":"product","2":"type-product","3":"status-publish","4":"has-post-thumbnail","6":"product_cat-bracelet","8":"first","9":"instock","10":"taxable","11":"shipping-taxable","12":"purchasable","13":"product-type-variable","14":"entry","15":"content-bg","16":"loop-entry"},"jetpack_sharing_enabled":true,"_links":{"self":[{"href":"https:\/\/couleurs-chakras.com\/index.php\/wp-json\/wp\/v2\/product\/9569","targetHints":{"allow":["GET"]}}],"collection":[{"href":"https:\/\/couleurs-chakras.com\/index.php\/wp-json\/wp\/v2\/product"}],"about":[{"href":"https:\/\/couleurs-chakras.com\/index.php\/wp-json\/wp\/v2\/types\/product"}],"replies":[{"embeddable":true,"href":"https:\/\/couleurs-chakras.com\/index.php\/wp-json\/wp\/v2\/comments?post=9569"}],"wp:featuredmedia":[{"embeddable":true,"href":"https:\/\/couleurs-chakras.com\/index.php\/wp-json\/wp\/v2\/media\/9436"}],"wp:attachment":[{"href":"https:\/\/couleurs-chakras.com\/index.php\/wp-json\/wp\/v2\/media?parent=9569"}],"wp:term":[{"taxonomy":"product_brand","embeddable":true,"href":"https:\/\/couleurs-chakras.com\/index.php\/wp-json\/wp\/v2\/product_brand?post=9569"},{"taxonomy":"product_cat","embeddable":true,"href":"https:\/\/couleurs-chakras.com\/index.php\/wp-json\/wp\/v2\/product_cat?post=9569"},{"taxonomy":"product_tag","embeddable":true,"href":"https:\/\/couleurs-chakras.com\/index.php\/wp-json\/wp\/v2\/product_tag?post=9569"}],"curies":[{"name":"wp","href":"https:\/\/api.w.org\/{rel}","templated":true}]}}