{"id":9554,"date":"2026-03-07T20:48:43","date_gmt":"2026-03-07T19:48:43","guid":{"rendered":"https:\/\/couleurs-chakras.com\/?post_type=product&#038;p=9554"},"modified":"2026-03-11T11:11:43","modified_gmt":"2026-03-11T10:11:43","slug":"bague-amethyste-naturelle-56","status":"publish","type":"product","link":"https:\/\/couleurs-chakras.com\/index.php\/product\/bague-amethyste-naturelle-56\/","title":{"rendered":"Bague amethyste naturelle 56"},"content":{"rendered":"<p>Purple vibes only craquez pour cette bague en pierre naturelle. Un must-have purple<\/p>\n<p>Taille 56 \u2606 mod\u00e8le unique\u00a0 \u00a0 \u00a0 \u00a0 \u00a0 \u00a0 \u00a01 disponible<\/p>\n<hr \/>\n<p>\ud83d\udc9cL&rsquo;Am\u00e9thyste : Pour la s\u00e9r\u00e9nit\u00e9 et l&rsquo;intuition (Chakra Coronne).<\/p>\n<p>Le raffinement se cache dans les d\u00e9tails. Cette bague allie la noblesse de l&rsquo;am\u00e9thyste \u00e0 un design artisanal unique en acier.<\/p>\n","protected":false},"excerpt":{"rendered":"<p>Purple vibes only craquez pour cette bague en pierre naturelle. Un must-have purple Taille 56 \u2606 mod\u00e8le unique\u00a0 \u00a0 \u00a0 \u00a0 \u00a0 \u00a0 \u00a01 disponible \ud83d\udc9cL&rsquo;Am\u00e9thyste : Pour la s\u00e9r\u00e9nit\u00e9 et l&rsquo;intuition (Chakra Coronne). Le raffinement se cache dans les d\u00e9tails. Cette bague allie la noblesse de l&rsquo;am\u00e9thyste \u00e0 un design artisanal unique en acier.<\/p>\n","protected":false},"featured_media":9555,"comment_status":"open","ping_status":"closed","template":"","meta":{"_kadence_starter_templates_imported_post":false,"_kad_post_transparent":"default","_kad_post_title":"","_kad_post_layout":"default","_kad_post_sidebar_id":"","_kad_post_content_style":"default","_kad_post_vertical_padding":"default","_kad_post_feature":"","_kad_post_feature_position":"","_kad_post_header":false,"_kad_post_footer":false,"_kad_post_classname":""},"product_brand":[],"product_cat":[59,66],"product_tag":[],"class_list":{"0":"post-9554","1":"product","2":"type-product","3":"status-publish","4":"has-post-thumbnail","6":"product_cat-bijoux","7":"product_cat-bague","9":"first","10":"instock","11":"taxable","12":"shipping-taxable","13":"purchasable","14":"product-type-simple","15":"entry","16":"content-bg","17":"loop-entry"},"jetpack_sharing_enabled":true,"_links":{"self":[{"href":"https:\/\/couleurs-chakras.com\/index.php\/wp-json\/wp\/v2\/product\/9554","targetHints":{"allow":["GET"]}}],"collection":[{"href":"https:\/\/couleurs-chakras.com\/index.php\/wp-json\/wp\/v2\/product"}],"about":[{"href":"https:\/\/couleurs-chakras.com\/index.php\/wp-json\/wp\/v2\/types\/product"}],"replies":[{"embeddable":true,"href":"https:\/\/couleurs-chakras.com\/index.php\/wp-json\/wp\/v2\/comments?post=9554"}],"wp:featuredmedia":[{"embeddable":true,"href":"https:\/\/couleurs-chakras.com\/index.php\/wp-json\/wp\/v2\/media\/9555"}],"wp:attachment":[{"href":"https:\/\/couleurs-chakras.com\/index.php\/wp-json\/wp\/v2\/media?parent=9554"}],"wp:term":[{"taxonomy":"product_brand","embeddable":true,"href":"https:\/\/couleurs-chakras.com\/index.php\/wp-json\/wp\/v2\/product_brand?post=9554"},{"taxonomy":"product_cat","embeddable":true,"href":"https:\/\/couleurs-chakras.com\/index.php\/wp-json\/wp\/v2\/product_cat?post=9554"},{"taxonomy":"product_tag","embeddable":true,"href":"https:\/\/couleurs-chakras.com\/index.php\/wp-json\/wp\/v2\/product_tag?post=9554"}],"curies":[{"name":"wp","href":"https:\/\/api.w.org\/{rel}","templated":true}]}}