{"id":9318,"date":"2026-03-06T11:16:10","date_gmt":"2026-03-06T10:16:10","guid":{"rendered":"https:\/\/couleurs-chakras.com\/?post_type=product&#038;p=9318"},"modified":"2026-03-06T11:22:24","modified_gmt":"2026-03-06T10:22:24","slug":"pendentif-pierre-de-lune-orange","status":"publish","type":"product","link":"https:\/\/couleurs-chakras.com\/index.php\/product\/pendentif-pierre-de-lune-orange\/","title":{"rendered":"Pendentif Pierre de lune orange"},"content":{"rendered":"<h3>Pendentif Pierre de Lune orange \u2014 40 mm (Qualit\u00e9 AA)<\/h3>\n<p>D\u00e9couvrez ce pendentif ovale de <strong>40 mm<\/strong>, taill\u00e9 dans une <strong>pierre de lune orange qualit\u00e9 AA<\/strong><\/p>\n<p>un bijou qui capte la lumi\u00e8re et raconte des matins doux. La pierre r\u00e9v\u00e8le un l\u00e9ger jeu de reflets nacr\u00e9s et bleut\u00e9s (adularescence) qui danse selon l\u2019angle \u2014 parfait pour qui aime les pierres qui vivent.<\/p>\n<p>&nbsp;<\/p>\n<p><strong>\ud83d\udd2e \u00c9nergie &amp; vertus :<\/strong><br \/>\nLa pierre de lune invite la douceur, l\u2019intuition et l\u2019\u00e9quilibre \u00e9motionnel. La variante orang\u00e9e apporte une touche de chaleur solaire : cr\u00e9ativit\u00e9, joie, confiance douce et ancrage du c\u0153ur. Id\u00e9ale pour accompagner les phases d\u2019introspection, soutenir la f\u00e9minit\u00e9 et r\u00e9chauffer les journ\u00e9es grises.<\/p>\n<p><strong>\ud83e\ude84Conseils :<\/strong><\/p>\n<ul>\n<li>Portez-la au plus pr\u00e8s du c\u0153ur pour ressentir son soutien \u00e9nerg\u00e9tique.<\/li>\n<li>Superbe en duo avec une cha\u00eene fine couleur argent ou or rose.<\/li>\n<li>Nettoyage : chiffon doux ou eau claire; \u00e9viter les produits chimiques.<\/li>\n<li>Rechargement : sous la lumi\u00e8re de la lune ou pos\u00e9e sur un amas de quartz \/ g\u00e9ode.<\/li>\n<\/ul>\n<p>&nbsp;<\/p>\n","protected":false},"excerpt":{"rendered":"<p>Pendentif Pierre de Lune orange \u2014 40 mm (Qualit\u00e9 AA) D\u00e9couvrez ce pendentif ovale de 40 mm, taill\u00e9 dans une pierre de lune orange qualit\u00e9 AA un bijou qui capte la lumi\u00e8re et raconte des matins doux. La pierre r\u00e9v\u00e8le un l\u00e9ger jeu de reflets nacr\u00e9s et bleut\u00e9s (adularescence) qui danse selon l\u2019angle \u2014 parfait&#8230;<\/p>\n","protected":false},"featured_media":9319,"comment_status":"open","ping_status":"closed","template":"","meta":{"_kadence_starter_templates_imported_post":false,"_kad_post_transparent":"default","_kad_post_title":"","_kad_post_layout":"default","_kad_post_sidebar_id":"","_kad_post_content_style":"default","_kad_post_vertical_padding":"default","_kad_post_feature":"","_kad_post_feature_position":"","_kad_post_header":false,"_kad_post_footer":false,"_kad_post_classname":""},"product_brand":[],"product_cat":[59,65],"product_tag":[],"class_list":{"0":"post-9318","1":"product","2":"type-product","3":"status-publish","4":"has-post-thumbnail","6":"product_cat-bijoux","7":"product_cat-pendentif","9":"first","10":"instock","11":"taxable","12":"shipping-taxable","13":"purchasable","14":"product-type-simple","15":"entry","16":"content-bg","17":"loop-entry"},"jetpack_sharing_enabled":true,"_links":{"self":[{"href":"https:\/\/couleurs-chakras.com\/index.php\/wp-json\/wp\/v2\/product\/9318","targetHints":{"allow":["GET"]}}],"collection":[{"href":"https:\/\/couleurs-chakras.com\/index.php\/wp-json\/wp\/v2\/product"}],"about":[{"href":"https:\/\/couleurs-chakras.com\/index.php\/wp-json\/wp\/v2\/types\/product"}],"replies":[{"embeddable":true,"href":"https:\/\/couleurs-chakras.com\/index.php\/wp-json\/wp\/v2\/comments?post=9318"}],"wp:featuredmedia":[{"embeddable":true,"href":"https:\/\/couleurs-chakras.com\/index.php\/wp-json\/wp\/v2\/media\/9319"}],"wp:attachment":[{"href":"https:\/\/couleurs-chakras.com\/index.php\/wp-json\/wp\/v2\/media?parent=9318"}],"wp:term":[{"taxonomy":"product_brand","embeddable":true,"href":"https:\/\/couleurs-chakras.com\/index.php\/wp-json\/wp\/v2\/product_brand?post=9318"},{"taxonomy":"product_cat","embeddable":true,"href":"https:\/\/couleurs-chakras.com\/index.php\/wp-json\/wp\/v2\/product_cat?post=9318"},{"taxonomy":"product_tag","embeddable":true,"href":"https:\/\/couleurs-chakras.com\/index.php\/wp-json\/wp\/v2\/product_tag?post=9318"}],"curies":[{"name":"wp","href":"https:\/\/api.w.org\/{rel}","templated":true}]}}