{"id":9314,"date":"2026-03-05T16:15:09","date_gmt":"2026-03-05T15:15:09","guid":{"rendered":"https:\/\/couleurs-chakras.com\/?post_type=product&#038;p=9314"},"modified":"2026-03-05T16:18:01","modified_gmt":"2026-03-05T15:18:01","slug":"rose-eternelle-quartz-rose-argentee","status":"publish","type":"product","link":"https:\/\/couleurs-chakras.com\/index.php\/product\/rose-eternelle-quartz-rose-argentee\/","title":{"rendered":"Rose \u00e9ternelle quartz rose argent\u00e9e"},"content":{"rendered":"<div id=\"model-response-message-contentr_9f3aa413cc7779de\" class=\"markdown markdown-main-panel stronger enable-updated-hr-color\" dir=\"ltr\" style=\"--animation-duration: 400ms; --fade-animation-function: linear; animation: auto ease 0s 1 normal none running none; appearance: none; background: none 0% 0% \/ auto repeat scroll padding-box border-box rgba(0, 0, 0, 0); border: 0px none #1f1f1f; inset: auto; clear: none; clip: auto; color: #1f1f1f; columns: auto; contain: none; container: none; content: normal; cursor: auto; cx: 0px; cy: 0px; d: none; direction: ltr; fill: #000000; filter: none; flex: 0 1 auto; float: none; gap: normal; hyphens: manual; interactivity: auto; isolation: auto; marker: none; mask: none; offset: normal; opacity: 1; order: 0; outline: #1f1f1f none 0px; overlay: none; padding: 0px; page: auto; perspective: none; position: static; quotes: auto; r: 0px; resize: none; rotate: none; rx: auto; ry: auto; scale: none; speak: normal; stroke: none; transform: none; transition: all; translate: none; visibility: visible; x: 0px; y: 0px; zoom: 1; font-family: 'Google Sans Text', sans-serif !important; line-height: 1.15 !important; margin: 0px !important 0px 0px 0px;\" aria-live=\"polite\" aria-busy=\"false\">\n<p style=\"animation: auto ease 0s 1 normal none running none; appearance: none; background: none 0% 0% \/ auto repeat scroll padding-box border-box rgba(0, 0, 0, 0); border: 0px none #1f1f1f; inset: auto; clear: none; clip: auto; columns: auto; contain: none; container: none; content: normal; cursor: auto; cx: 0px; cy: 0px; d: none; direction: ltr; fill: #000000; filter: none; flex: 0 1 auto; float: none; gap: normal; hyphens: manual; interactivity: auto; isolation: auto; margin-right: 0px; margin-bottom: 16px; margin-left: 0px; marker: none; mask: none; offset: normal; opacity: 1; order: 0; outline: #1f1f1f none 0px; overlay: none; padding: 0px; page: auto; perspective: none; position: static; quotes: auto; r: 0px; resize: none; rotate: none; rx: auto; ry: auto; scale: none; speak: normal; stroke: none; transform: none; transition: all; translate: none; visibility: visible; x: 0px; y: 0px; zoom: 1; line-height: 1.15 !important;\" data-path-to-node=\"0\">\ud83c\udf39 Rose \u00c9ternelle en Quartz Rose &amp; Finition finition argent\u00e9e<\/p>\n<p style=\"animation: auto ease 0s 1 normal none running none; appearance: none; background: none 0% 0% \/ auto repeat scroll padding-box border-box rgba(0, 0, 0, 0); border: 0px none #1f1f1f; inset: auto; clear: none; clip: auto; columns: auto; contain: none; container: none; content: normal; cursor: auto; cx: 0px; cy: 0px; d: none; direction: ltr; fill: #000000; filter: none; flex: 0 1 auto; float: none; gap: normal; hyphens: manual; interactivity: auto; isolation: auto; margin-right: 0px; margin-bottom: 16px; margin-left: 0px; marker: none; mask: none; offset: normal; opacity: 1; order: 0; outline: #1f1f1f none 0px; overlay: none; padding: 0px; page: auto; perspective: none; position: static; quotes: auto; r: 0px; resize: none; rotate: none; rx: auto; ry: auto; scale: none; speak: normal; stroke: none; transform: none; transition: all; translate: none; visibility: visible; x: 0px; y: 0px; zoom: 1; line-height: 1.15 !important;\" data-path-to-node=\"3\">Cette pi\u00e8ce unique allie la <b style=\"animation: auto ease 0s 1 normal none running none; appearance: none; background: none 0% 0% \/ auto repeat scroll padding-box border-box rgba(0, 0, 0, 0); border: 0px none #1f1f1f; inset: auto; clear: none; clip: auto; columns: auto; contain: none; container: none; content: normal; cursor: auto; cx: 0px; cy: 0px; d: none; direction: ltr; display: inline; fill: #000000; filter: none; flex: 0 1 auto; float: none; gap: normal; hyphens: manual; interactivity: auto; isolation: auto; marker: none; mask: none; offset: normal; opacity: 1; order: 0; outline: #1f1f1f none 0px; overlay: none; padding: 0px; page: auto; perspective: none; position: static; quotes: auto; r: 0px; resize: none; rotate: none; rx: auto; ry: auto; scale: none; speak: normal; stroke: none; transform: none; transition: all; translate: none; visibility: visible; x: 0px; y: 0px; zoom: 1; line-height: 1.15 !important; margin: 0px !important 0px 0px 0px;\" data-path-to-node=\"3\" data-index-in-node=\"28\">noblesse de la pierre naturelle<\/b> au raffinement du m\u00e9tal dor\u00e9. Taill\u00e9e avec pr\u00e9cision pour capturer la d\u00e9licatesse d&rsquo;un bouton de rose, elle est bien plus qu&rsquo;un simple objet de d\u00e9coration : c&rsquo;est un symbole de tendresse et de beaut\u00e9 durable.<\/p>\n<ul style=\"animation: auto ease 0s 1 normal none running none; appearance: none; background: none 0% 0% \/ auto repeat scroll padding-box border-box rgba(0, 0, 0, 0); border: 0px none #1f1f1f; inset: auto; clear: none; clip: auto; columns: auto; contain: none; container: none; content: normal; cursor: auto; cx: 0px; cy: 0px; d: none; direction: ltr; fill: #000000; filter: none; flex: 0 1 auto; float: none; gap: normal; hyphens: manual; interactivity: auto; isolation: auto; marker: none; mask: none; offset: normal; opacity: 1; order: 0; outline: #1f1f1f none 0px; overlay: none; padding-left: 27px; page: auto; perspective: none; position: static; quotes: auto; r: 0px; resize: none; rotate: none; rx: auto; ry: auto; scale: none; speak: normal; stroke: none; transform: none; transition: all; translate: none; visibility: visible; x: 0px; y: 0px; zoom: 1; padding-inline-start: 32px; line-height: 1.15 !important; margin: 0px !important 0px 16px 0px;\" data-path-to-node=\"5\">\n<li style=\"animation: auto ease 0s 1 normal none running none; appearance: none; background: none 0% 0% \/ auto repeat scroll padding-box border-box rgba(0, 0, 0, 0); border: 0px none #1f1f1f; inset: auto; clear: none; clip: auto; columns: auto; contain: none; container: none; content: normal; cursor: auto; cx: 0px; cy: 0px; d: none; direction: ltr; fill: #000000; filter: none; flex: 0 1 auto; float: none; gap: normal; hyphens: manual; interactivity: auto; isolation: auto; marker: none; mask: none; offset: normal; opacity: 1; order: 0; outline: #1f1f1f none 0px; overlay: none; padding: 0px 0px 0px 4px; page: auto; perspective: none; position: static; quotes: auto; r: 0px; resize: none; rotate: none; rx: auto; ry: auto; scale: none; speak: normal; stroke: none; transform: none; transition: all; translate: none; visibility: visible; x: 0px; y: 0px; zoom: 1; line-height: 1.15 !important; margin: 0px !important 0px 8px 0px;\">\n<p style=\"animation: auto ease 0s 1 normal none running none; appearance: none; background: none 0% 0% \/ auto repeat scroll padding-box border-box rgba(0, 0, 0, 0); border: 0px none #1f1f1f; inset: auto; clear: none; clip: auto; columns: auto; contain: none; container: none; content: normal; cursor: auto; cx: 0px; cy: 0px; d: none; direction: ltr; fill: #000000; filter: none; flex: 0 1 auto; float: none; gap: normal; hyphens: manual; interactivity: auto; isolation: auto; margin-right: 0px; margin-bottom: 8px; margin-left: 0px; marker: none; mask: none; offset: normal; opacity: 1; order: 0; outline: #1f1f1f none 0px; overlay: none; padding: 0px 0px 0px 4px; page: auto; perspective: none; position: static; quotes: auto; r: 0px; resize: none; rotate: none; rx: auto; ry: auto; scale: none; speak: normal; stroke: none; transform: none; transition: all; translate: none; visibility: visible; x: 0px; y: 0px; zoom: 1; line-height: 1.15 !important;\" data-path-to-node=\"5,0,0\"><b style=\"animation: auto ease 0s 1 normal none running none; appearance: none; background: none 0% 0% \/ auto repeat scroll padding-box border-box rgba(0, 0, 0, 0); border: 0px none #1f1f1f; inset: auto; clear: none; clip: auto; columns: auto; contain: none; container: none; content: normal; cursor: auto; cx: 0px; cy: 0px; d: none; direction: ltr; display: inline; fill: #000000; filter: none; flex: 0 1 auto; float: none; gap: normal; hyphens: manual; interactivity: auto; isolation: auto; marker: none; mask: none; offset: normal; opacity: 1; order: 0; outline: #1f1f1f none 0px; overlay: none; padding: 0px; page: auto; perspective: none; position: static; quotes: auto; r: 0px; resize: none; rotate: none; rx: auto; ry: auto; scale: none; speak: normal; stroke: none; transform: none; transition: all; translate: none; visibility: visible; x: 0px; y: 0px; zoom: 1; line-height: 1.15 !important; margin: 0px !important 0px 0px 0px;\" data-path-to-node=\"5,0,0\" data-index-in-node=\"0\">Symbolique forte :<\/b> Le quartz rose est reconnu en lithoth\u00e9rapie comme la pierre de l&rsquo;<b style=\"animation: auto ease 0s 1 normal none running none; appearance: none; background: none 0% 0% \/ auto repeat scroll padding-box border-box rgba(0, 0, 0, 0); border: 0px none #1f1f1f; inset: auto; clear: none; clip: auto; columns: auto; contain: none; container: none; content: normal; cursor: auto; cx: 0px; cy: 0px; d: none; direction: ltr; display: inline; fill: #000000; filter: none; flex: 0 1 auto; float: none; gap: normal; hyphens: manual; interactivity: auto; isolation: auto; marker: none; mask: none; offset: normal; opacity: 1; order: 0; outline: #1f1f1f none 0px; overlay: none; padding: 0px; page: auto; perspective: none; position: static; quotes: auto; r: 0px; resize: none; rotate: none; rx: auto; ry: auto; scale: none; speak: normal; stroke: none; transform: none; transition: all; translate: none; visibility: visible; x: 0px; y: 0px; zoom: 1; line-height: 1.15 !important; margin: 0px !important 0px 0px 0px;\" data-path-to-node=\"5,0,0\" data-index-in-node=\"84\">amour inconditionnel<\/b>, de la paix et de la gu\u00e9rison \u00e9motionnelle.<\/p>\n<\/li>\n<li style=\"animation: auto ease 0s 1 normal none running none; appearance: none; background: none 0% 0% \/ auto repeat scroll padding-box border-box rgba(0, 0, 0, 0); border: 0px none #1f1f1f; inset: auto; clear: none; clip: auto; columns: auto; contain: none; container: none; content: normal; cursor: auto; cx: 0px; cy: 0px; d: none; direction: ltr; fill: #000000; filter: none; flex: 0 1 auto; float: none; gap: normal; hyphens: manual; interactivity: auto; isolation: auto; marker: none; mask: none; offset: normal; opacity: 1; order: 0; outline: #1f1f1f none 0px; overlay: none; padding: 0px 0px 0px 4px; page: auto; perspective: none; position: static; quotes: auto; r: 0px; resize: none; rotate: none; rx: auto; ry: auto; scale: none; speak: normal; stroke: none; transform: none; transition: all; translate: none; visibility: visible; x: 0px; y: 0px; zoom: 1; line-height: 1.15 !important; margin: 0px !important 0px 8px 0px;\">\n<p style=\"animation: auto ease 0s 1 normal none running none; appearance: none; background: none 0% 0% \/ auto repeat scroll padding-box border-box rgba(0, 0, 0, 0); border: 0px none #1f1f1f; inset: auto; clear: none; clip: auto; columns: auto; contain: none; container: none; content: normal; cursor: auto; cx: 0px; cy: 0px; d: none; direction: ltr; fill: #000000; filter: none; flex: 0 1 auto; float: none; gap: normal; hyphens: manual; interactivity: auto; isolation: auto; margin-right: 0px; margin-bottom: 8px; margin-left: 0px; marker: none; mask: none; offset: normal; opacity: 1; order: 0; outline: #1f1f1f none 0px; overlay: none; padding: 0px 0px 0px 4px; page: auto; perspective: none; position: static; quotes: auto; r: 0px; resize: none; rotate: none; rx: auto; ry: auto; scale: none; speak: normal; stroke: none; transform: none; transition: all; translate: none; visibility: visible; x: 0px; y: 0px; zoom: 1; line-height: 1.15 !important;\" data-path-to-node=\"5,1,0\"><b style=\"animation: auto ease 0s 1 normal none running none; appearance: none; background: none 0% 0% \/ auto repeat scroll padding-box border-box rgba(0, 0, 0, 0); border: 0px none #1f1f1f; inset: auto; clear: none; clip: auto; columns: auto; contain: none; container: none; content: normal; cursor: auto; cx: 0px; cy: 0px; d: none; direction: ltr; display: inline; fill: #000000; filter: none; flex: 0 1 auto; float: none; gap: normal; hyphens: manual; interactivity: auto; isolation: auto; marker: none; mask: none; offset: normal; opacity: 1; order: 0; outline: #1f1f1f none 0px; overlay: none; padding: 0px; page: auto; perspective: none; position: static; quotes: auto; r: 0px; resize: none; rotate: none; rx: auto; ry: auto; scale: none; speak: normal; stroke: none; transform: none; transition: all; translate: none; visibility: visible; x: 0px; y: 0px; zoom: 1; line-height: 1.15 !important; margin: 0px !important 0px 0px 0px;\" data-path-to-node=\"5,1,0\" data-index-in-node=\"0\">\u00c9clat Durable :<\/b> Contrairement aux fleurs naturelles, cette rose ne fl\u00e9trit jamais. Sa tige et ses feuilles argent\u00e9e apportent une touche lumineuse qui s&rsquo;adapte \u00e0 tous les int\u00e9rieurs (chic, romantique ou moderne).<\/p>\n<\/li>\n<li style=\"animation: auto ease 0s 1 normal none running none; appearance: none; background: none 0% 0% \/ auto repeat scroll padding-box border-box rgba(0, 0, 0, 0); border: 0px none #1f1f1f; inset: auto; clear: none; clip: auto; columns: auto; contain: none; container: none; content: normal; cursor: auto; cx: 0px; cy: 0px; d: none; direction: ltr; fill: #000000; filter: none; flex: 0 1 auto; float: none; gap: normal; hyphens: manual; interactivity: auto; isolation: auto; marker: none; mask: none; offset: normal; opacity: 1; order: 0; outline: #1f1f1f none 0px; overlay: none; padding: 0px 0px 0px 4px; page: auto; perspective: none; position: static; quotes: auto; r: 0px; resize: none; rotate: none; rx: auto; ry: auto; scale: none; speak: normal; stroke: none; transform: none; transition: all; translate: none; visibility: visible; x: 0px; y: 0px; zoom: 1; line-height: 1.15 !important; margin: 0px !important 0px 8px 0px;\">\n<p style=\"animation: auto ease 0s 1 normal none running none; appearance: none; background: none 0% 0% \/ auto repeat scroll padding-box border-box rgba(0, 0, 0, 0); border: 0px none #1f1f1f; inset: auto; clear: none; clip: auto; columns: auto; contain: none; container: none; content: normal; cursor: auto; cx: 0px; cy: 0px; d: none; direction: ltr; fill: #000000; filter: none; flex: 0 1 auto; float: none; gap: normal; hyphens: manual; interactivity: auto; isolation: auto; margin-right: 0px; margin-bottom: 8px; margin-left: 0px; marker: none; mask: none; offset: normal; opacity: 1; order: 0; outline: #1f1f1f none 0px; overlay: none; padding: 0px 0px 0px 4px; page: auto; perspective: none; position: static; quotes: auto; r: 0px; resize: none; rotate: none; rx: auto; ry: auto; scale: none; speak: normal; stroke: none; transform: none; transition: all; translate: none; visibility: visible; x: 0px; y: 0px; zoom: 1; line-height: 1.15 !important;\" data-path-to-node=\"5,2,0\"><b style=\"animation: auto ease 0s 1 normal none running none; appearance: none; background: none 0% 0% \/ auto repeat scroll padding-box border-box rgba(0, 0, 0, 0); border: 0px none #1f1f1f; inset: auto; clear: none; clip: auto; columns: auto; contain: none; container: none; content: normal; cursor: auto; cx: 0px; cy: 0px; d: none; direction: ltr; display: inline; fill: #000000; filter: none; flex: 0 1 auto; float: none; gap: normal; hyphens: manual; interactivity: auto; isolation: auto; marker: none; mask: none; offset: normal; opacity: 1; order: 0; outline: #1f1f1f none 0px; overlay: none; padding: 0px; page: auto; perspective: none; position: static; quotes: auto; r: 0px; resize: none; rotate: none; rx: auto; ry: auto; scale: none; speak: normal; stroke: none; transform: none; transition: all; translate: none; visibility: visible; x: 0px; y: 0px; zoom: 1; line-height: 1.15 !important; margin: 0px !important 0px 0px 0px;\" data-path-to-node=\"5,2,0\" data-index-in-node=\"0\">Cadeau Id\u00e9al :<\/b> C&rsquo;est le pr\u00e9sent parfait pour la Saint-Valentin, la f\u00eate des m\u00e8res, un anniversaire de mariage ou simplement pour d\u00e9clarer sa flamme de mani\u00e8re originale et aussi se faire plaisir \ud83d\udc95<\/p>\n<\/li>\n<\/ul>\n<\/div>\n<p style=\"animation: auto ease 0s 1 normal none running none; appearance: none; background: none 0% 0% \/ auto repeat scroll padding-box border-box rgba(0, 0, 0, 0); border: 0px none #1f1f1f; inset: auto; clear: none; clip: auto; columns: auto; contain: none; container: none; content: normal; cursor: auto; cx: 0px; cy: 0px; d: none; direction: ltr; fill: #000000; filter: none; flex: 0 1 auto; float: none; gap: normal; hyphens: manual; interactivity: auto; isolation: auto; margin-right: 0px; margin-bottom: 16px; margin-left: 0px; marker: none; mask: none; offset: normal; opacity: 1; order: 0; outline: #1f1f1f none 0px; overlay: none; padding: 0px; page: auto; perspective: none; position: static; quotes: auto; r: 0px; resize: none; rotate: none; rx: auto; ry: auto; scale: none; speak: normal; stroke: none; transform: none; transition: all; translate: none; visibility: visible; x: 0px; y: 0px; zoom: 1; line-height: 1.15 !important;\" data-path-to-node=\"10\">#1 #dispo<\/p>\n","protected":false},"excerpt":{"rendered":"<p>\ud83c\udf39 Rose \u00c9ternelle en Quartz Rose &amp; Finition finition argent\u00e9e Cette pi\u00e8ce unique allie la noblesse de la pierre naturelle au raffinement du m\u00e9tal dor\u00e9. Taill\u00e9e avec pr\u00e9cision pour capturer la d\u00e9licatesse d&rsquo;un bouton de rose, elle est bien plus qu&rsquo;un simple objet de d\u00e9coration : c&rsquo;est un symbole de tendresse et de beaut\u00e9 durable&#8230;.<\/p>\n","protected":false},"featured_media":9315,"comment_status":"open","ping_status":"closed","template":"","meta":{"_kadence_starter_templates_imported_post":false,"_kad_post_transparent":"default","_kad_post_title":"","_kad_post_layout":"default","_kad_post_sidebar_id":"","_kad_post_content_style":"default","_kad_post_vertical_padding":"default","_kad_post_feature":"","_kad_post_feature_position":"","_kad_post_header":false,"_kad_post_footer":false,"_kad_post_classname":""},"product_brand":[],"product_cat":[60],"product_tag":[],"class_list":{"0":"post-9314","1":"product","2":"type-product","3":"status-publish","4":"has-post-thumbnail","6":"product_cat-accessoires","8":"first","9":"instock","10":"taxable","11":"shipping-taxable","12":"purchasable","13":"product-type-simple","14":"entry","15":"content-bg","16":"loop-entry"},"jetpack_sharing_enabled":true,"_links":{"self":[{"href":"https:\/\/couleurs-chakras.com\/index.php\/wp-json\/wp\/v2\/product\/9314","targetHints":{"allow":["GET"]}}],"collection":[{"href":"https:\/\/couleurs-chakras.com\/index.php\/wp-json\/wp\/v2\/product"}],"about":[{"href":"https:\/\/couleurs-chakras.com\/index.php\/wp-json\/wp\/v2\/types\/product"}],"replies":[{"embeddable":true,"href":"https:\/\/couleurs-chakras.com\/index.php\/wp-json\/wp\/v2\/comments?post=9314"}],"wp:featuredmedia":[{"embeddable":true,"href":"https:\/\/couleurs-chakras.com\/index.php\/wp-json\/wp\/v2\/media\/9315"}],"wp:attachment":[{"href":"https:\/\/couleurs-chakras.com\/index.php\/wp-json\/wp\/v2\/media?parent=9314"}],"wp:term":[{"taxonomy":"product_brand","embeddable":true,"href":"https:\/\/couleurs-chakras.com\/index.php\/wp-json\/wp\/v2\/product_brand?post=9314"},{"taxonomy":"product_cat","embeddable":true,"href":"https:\/\/couleurs-chakras.com\/index.php\/wp-json\/wp\/v2\/product_cat?post=9314"},{"taxonomy":"product_tag","embeddable":true,"href":"https:\/\/couleurs-chakras.com\/index.php\/wp-json\/wp\/v2\/product_tag?post=9314"}],"curies":[{"name":"wp","href":"https:\/\/api.w.org\/{rel}","templated":true}]}}