{"id":8950,"date":"2025-02-15T17:27:15","date_gmt":"2025-02-15T16:27:15","guid":{"rendered":"https:\/\/couleurs-chakras.com\/?post_type=product&#038;p=8950"},"modified":"2026-02-27T21:11:44","modified_gmt":"2026-02-27T20:11:44","slug":"marque-page-original-pierre-nacre","status":"publish","type":"product","link":"https:\/\/couleurs-chakras.com\/index.php\/product\/marque-page-original-pierre-nacre\/","title":{"rendered":"Marque page original Pierre Nacre"},"content":{"rendered":"<p>Sublimez vos lectures avec l&rsquo;\u00e9l\u00e9gance de notre marque-page plume dor\u00e9e et sa pierre du soleil.<\/p>\n<p>Un bijou de livre indispensable.<\/p>\n<p>\ud83e\udde1 Ce marque-page artisanal marie une plume m\u00e9tallique finement cisel\u00e9e \u00e0 une perle de <strong data-start=\"320\" data-end=\"340\">pierre du soleil<\/strong> poli, mont\u00e9e sur un fil de cuivre d\u00e9licatement enroul\u00e9. Con\u00e7u pour les lecteurs qui aiment que leurs livres soient aussi des objets de beaut\u00e9, il glisse entre les pages sans les ab\u00eemer et apporte une vibration chaleureuse \u00e0 vos moments de lecture. Chaque exemplaire est unique : la teinte orang\u00e9e de la pierre varie l\u00e9g\u00e8rement, rendant chaque pi\u00e8ce personnelle et singuli\u00e8re.<\/p>\n<p>La pierre du soleil insuffle confiance, joie et enthousiasme \u2014 elle r\u00e9chauffe le c\u0153ur et ravive l\u2019\u00e9lan cr\u00e9atif. Plac\u00e9e sur votre page favorite, elle invite la lumi\u00e8re dans vos histoires et soutient l\u2019optimisme \u00e0 chaque chapitre. La plume, symbole de l\u00e9g\u00e8ret\u00e9 et de libert\u00e9, vous rappelle de garder la gr\u00e2ce m\u00eame dans les pages les plus denses.<\/p>\n<p>Un souffle dor\u00e9 entre les pages \u2014 la chaleur solaire de la pierre et la l\u00e9g\u00e8ret\u00e9 d\u2019une plume pour accompagner chaque lecture.<\/p>\n<p>&nbsp;<\/p>\n","protected":false},"excerpt":{"rendered":"<p>Sublimez vos lectures avec l&rsquo;\u00e9l\u00e9gance de notre marque-page plume dor\u00e9e et sa pierre du soleil. Un bijou de livre indispensable. \ud83e\udde1 Ce marque-page artisanal marie une plume m\u00e9tallique finement cisel\u00e9e \u00e0 une perle de pierre du soleil poli, mont\u00e9e sur un fil de cuivre d\u00e9licatement enroul\u00e9. Con\u00e7u pour les lecteurs qui aiment que leurs livres&#8230;<\/p>\n","protected":false},"featured_media":9101,"comment_status":"open","ping_status":"closed","template":"","meta":{"_kadence_starter_templates_imported_post":false,"_kad_post_transparent":"default","_kad_post_title":"","_kad_post_layout":"default","_kad_post_sidebar_id":"","_kad_post_content_style":"default","_kad_post_vertical_padding":"default","_kad_post_feature":"","_kad_post_feature_position":"","_kad_post_header":false,"_kad_post_footer":false,"_kad_post_classname":""},"product_brand":[],"product_cat":[60],"product_tag":[],"class_list":{"0":"post-8950","1":"product","2":"type-product","3":"status-publish","4":"has-post-thumbnail","6":"product_cat-accessoires","8":"first","9":"instock","10":"taxable","11":"shipping-taxable","12":"purchasable","13":"product-type-simple","14":"entry","15":"content-bg","16":"loop-entry"},"jetpack_sharing_enabled":true,"_links":{"self":[{"href":"https:\/\/couleurs-chakras.com\/index.php\/wp-json\/wp\/v2\/product\/8950","targetHints":{"allow":["GET"]}}],"collection":[{"href":"https:\/\/couleurs-chakras.com\/index.php\/wp-json\/wp\/v2\/product"}],"about":[{"href":"https:\/\/couleurs-chakras.com\/index.php\/wp-json\/wp\/v2\/types\/product"}],"replies":[{"embeddable":true,"href":"https:\/\/couleurs-chakras.com\/index.php\/wp-json\/wp\/v2\/comments?post=8950"}],"wp:featuredmedia":[{"embeddable":true,"href":"https:\/\/couleurs-chakras.com\/index.php\/wp-json\/wp\/v2\/media\/9101"}],"wp:attachment":[{"href":"https:\/\/couleurs-chakras.com\/index.php\/wp-json\/wp\/v2\/media?parent=8950"}],"wp:term":[{"taxonomy":"product_brand","embeddable":true,"href":"https:\/\/couleurs-chakras.com\/index.php\/wp-json\/wp\/v2\/product_brand?post=8950"},{"taxonomy":"product_cat","embeddable":true,"href":"https:\/\/couleurs-chakras.com\/index.php\/wp-json\/wp\/v2\/product_cat?post=8950"},{"taxonomy":"product_tag","embeddable":true,"href":"https:\/\/couleurs-chakras.com\/index.php\/wp-json\/wp\/v2\/product_tag?post=8950"}],"curies":[{"name":"wp","href":"https:\/\/api.w.org\/{rel}","templated":true}]}}