{"id":7415,"date":"2023-07-10T06:21:52","date_gmt":"2023-07-10T04:21:52","guid":{"rendered":"https:\/\/couleurs-chakras.com\/?post_type=product&#038;p=7415"},"modified":"2026-02-27T21:18:40","modified_gmt":"2026-02-27T20:18:40","slug":"boucles-doreilles-lapiz-lazuli","status":"publish","type":"product","link":"https:\/\/couleurs-chakras.com\/index.php\/product\/boucles-doreilles-lapiz-lazuli\/","title":{"rendered":"Boucles d&rsquo;oreilles Lapiz Lazuli"},"content":{"rendered":"<p>lapiz lazuli Vertus et bienfaits du Lapis Lazuli<br \/>\nAide \u00e0 r\u00e9duire le stress.<br \/>\nAtt\u00e9nue les migraines.<br \/>\nAll\u00e8ge les probl\u00e8mes d&rsquo;insomnie.<br \/>\nContribue \u00e0 d\u00e9bloquer la parole en cas de col\u00e8re ou frustration.<br \/>\nApaise les sympt\u00f4mes d&rsquo;allergies, notamment respiratoires.<br \/>\nEncourage une meilleure confiance en soi.<br \/>\nSoulage les maux de ventre.<\/p>\n","protected":false},"excerpt":{"rendered":"<p>lapiz lazuli Vertus et bienfaits du Lapis Lazuli Aide \u00e0 r\u00e9duire le stress. Att\u00e9nue les migraines. All\u00e8ge les probl\u00e8mes d&rsquo;insomnie. Contribue \u00e0 d\u00e9bloquer la parole en cas de col\u00e8re ou frustration. Apaise les sympt\u00f4mes d&rsquo;allergies, notamment respiratoires. Encourage une meilleure confiance en soi. Soulage les maux de ventre.<\/p>\n","protected":false},"featured_media":8424,"comment_status":"open","ping_status":"closed","template":"","meta":{"_kadence_starter_templates_imported_post":false,"_kad_post_transparent":"default","_kad_post_title":"","_kad_post_layout":"default","_kad_post_sidebar_id":"","_kad_post_content_style":"default","_kad_post_vertical_padding":"default","_kad_post_feature":"","_kad_post_feature_position":"","_kad_post_header":false,"_kad_post_footer":false,"_kad_post_classname":""},"product_brand":[],"product_cat":[59,67],"product_tag":[],"class_list":{"0":"post-7415","1":"product","2":"type-product","3":"status-publish","4":"has-post-thumbnail","6":"product_cat-bijoux","7":"product_cat-boucles-doreille","9":"first","10":"instock","11":"taxable","12":"shipping-taxable","13":"purchasable","14":"product-type-simple","15":"entry","16":"content-bg","17":"loop-entry"},"jetpack_sharing_enabled":true,"_links":{"self":[{"href":"https:\/\/couleurs-chakras.com\/index.php\/wp-json\/wp\/v2\/product\/7415","targetHints":{"allow":["GET"]}}],"collection":[{"href":"https:\/\/couleurs-chakras.com\/index.php\/wp-json\/wp\/v2\/product"}],"about":[{"href":"https:\/\/couleurs-chakras.com\/index.php\/wp-json\/wp\/v2\/types\/product"}],"replies":[{"embeddable":true,"href":"https:\/\/couleurs-chakras.com\/index.php\/wp-json\/wp\/v2\/comments?post=7415"}],"wp:featuredmedia":[{"embeddable":true,"href":"https:\/\/couleurs-chakras.com\/index.php\/wp-json\/wp\/v2\/media\/8424"}],"wp:attachment":[{"href":"https:\/\/couleurs-chakras.com\/index.php\/wp-json\/wp\/v2\/media?parent=7415"}],"wp:term":[{"taxonomy":"product_brand","embeddable":true,"href":"https:\/\/couleurs-chakras.com\/index.php\/wp-json\/wp\/v2\/product_brand?post=7415"},{"taxonomy":"product_cat","embeddable":true,"href":"https:\/\/couleurs-chakras.com\/index.php\/wp-json\/wp\/v2\/product_cat?post=7415"},{"taxonomy":"product_tag","embeddable":true,"href":"https:\/\/couleurs-chakras.com\/index.php\/wp-json\/wp\/v2\/product_tag?post=7415"}],"curies":[{"name":"wp","href":"https:\/\/api.w.org\/{rel}","templated":true}]}}