{"id":7145,"date":"2023-07-09T06:31:53","date_gmt":"2023-07-09T04:31:53","guid":{"rendered":"https:\/\/couleurs-chakras.com\/?post_type=product&#038;p=7145"},"modified":"2026-02-27T21:20:01","modified_gmt":"2026-02-27T20:20:01","slug":"bracelet-summer","status":"publish","type":"product","link":"https:\/\/couleurs-chakras.com\/index.php\/product\/bracelet-summer\/","title":{"rendered":"Bracelet Summer"},"content":{"rendered":"<p><span class=\"_5mfr\"><span class=\"_6qdm\">\ud83d\udc9a<\/span><\/span>\u00a0LE J\u1d00\u1d05\u1d07 pour profiter de la vie :<br \/>\nLe\u00a0<a class=\"_5ayv _qdx\" href=\"https:\/\/m.facebook.com\/hashtag\/jade?refid=52&amp;__tn__=%2As-R&amp;paipv=0&amp;eav=AfZDgqVFW_EnsFFxzemmcXUQBeTdMKmVjzF5CPE3nkXq4538HZtsLEfnORAgjrH95e4\"><span class=\"_5aw4 _qdz\">#<\/span><span class=\"_5ayu\">jade<\/span><\/a>\u00a0de Birmanie, comme de nombreuses autres pierres de couleur verte, est consid\u00e9r\u00e9 comme un\u00a0<a class=\"_5ayv _qdx\" href=\"https:\/\/m.facebook.com\/hashtag\/porte?refid=52&amp;__tn__=%2As-R&amp;paipv=0&amp;eav=AfZuPJDjDFBfhDsIa41tlbdriAY4Vuoz3Y0LZqD0AzCByHldfq1pnwe9mQT535E8vKE\"><span class=\"_5aw4 _qdz\">#<\/span><span class=\"_5ayu\">porte<\/span><\/a>-bonheur. On dit qu\u2019il apporte\u00a0<a class=\"_5ayv _qdx\" href=\"https:\/\/m.facebook.com\/hashtag\/chance?refid=52&amp;__tn__=%2As-R&amp;paipv=0&amp;eav=AfbhBbtE5VseA5x_efcO_EG3Hf6i64wGQOq2r-pEAg15_0fIuk1_0MCCBEIssOUMlK8\"><span class=\"_5aw4 _qdz\">#<\/span><span class=\"_5ayu\">chance<\/span><\/a>,\u00a0<a class=\"_5ayv _qdx\" href=\"https:\/\/m.facebook.com\/hashtag\/succ%C3%A8s?refid=52&amp;__tn__=%2As-R&amp;paipv=0&amp;eav=AfYfSNLOdfcO91U19XquQSnJsuYMmXzvFidMzudZfNZ0FZ1IfqTxh7IZtSPyGWRnaqg\"><span class=\"_5aw4 _qdz\">#<\/span><span class=\"_5ayu\">succ\u00e8s<\/span><\/a>\u00a0et\u00a0<a class=\"_5ayv _qdx\" href=\"https:\/\/m.facebook.com\/hashtag\/abondance?refid=52&amp;__tn__=%2As-R&amp;paipv=0&amp;eav=AfYnh0c67k84Y1HbNA2IcZZ8OeShrR2ktB7Nz_83PPcSylKXM_100FIKVCf-N9ghIcU\"><span class=\"_5aw4 _qdz\">#<\/span><span class=\"_5ayu\">abondance<\/span><\/a>. C\u2019est un min\u00e9ral de\u00a0<a class=\"_5ayv _qdx\" href=\"https:\/\/m.facebook.com\/hashtag\/paix?refid=52&amp;__tn__=%2As-R&amp;paipv=0&amp;eav=AfbhZSmY0I5c9dOxEBESpkW8XA4BpyltW1833zLsR3gTgn0WW_Wzwaq6qGmVyADpYWw\"><span class=\"_5aw4 _qdz\">#<\/span><span class=\"_5ayu\">paix<\/span><\/a>\u00a0et d\u2019<a class=\"_5ayv _qdx\" href=\"https:\/\/m.facebook.com\/hashtag\/harmonie?refid=52&amp;__tn__=%2As-R&amp;paipv=0&amp;eav=Afae3spDfrGiFynB2VMP_qsMSwgder62hxGOU7rfJWSLrfHq6Kx6XYTADeMY9-jrg_8\"><span class=\"_5aw4 _qdz\">#<\/span><span class=\"_5ayu\">harmonie<\/span><\/a>. Il aide \u00e0 ma\u00eetriser sa nervosit\u00e9 et \u00e0 g\u00e9rer les \u00e9motions n\u00e9gatives.<\/p>\n<p><span class=\"_5mfr\"><span class=\"_6qdm\">\ud83e\udde1<\/span><\/span>\u00a0\u029f\u1d00 C\u1d0f\u0280\u0274\u1d00\u029f\u026a\u0274\u1d07 pour vous aider \u00e0 vous surpasser jour apr\u00e8s jour, cette pierre\u00a0<a class=\"_5ayv _qdx\" href=\"https:\/\/m.facebook.com\/hashtag\/cornaline?refid=52&amp;__tn__=%2As-R&amp;paipv=0&amp;eav=AfaI_9zoxsmLyHXOv-Kz1yD1To-XgjzDtA-idzRBbUVn9CvB1aPn1FSWpkzcVcwYWtc\"><span class=\"_5aw4 _qdz\">#<\/span><span class=\"_5ayu\">Cornaline<\/span><\/a>\u00a0orange est une pierre lumineuse et \u00e9tincelante. C\u2019est une pierre qui symbolise la\u00a0<a class=\"_5ayv _qdx\" href=\"https:\/\/m.facebook.com\/hashtag\/joie?refid=52&amp;__tn__=%2As-R&amp;paipv=0&amp;eav=Afbr3nxATifE1e2mOPYIAvg-pPZz2Fnlj-8w9v7oOgsXaKC-s6UQ9fIyMEWjRvbcstI\"><span class=\"_5aw4 _qdz\">#<\/span><span class=\"_5ayu\">joie<\/span><\/a>\u00a0de vivre, et facilite la\u00a0<a class=\"_5ayv _qdx\" href=\"https:\/\/m.facebook.com\/hashtag\/confiance?refid=52&amp;__tn__=%2As-R&amp;paipv=0&amp;eav=AfbeyMehtfy7eyNDn--tmhiQduUiJmE4uBWw_7u1kqTH7YEZTmsKhLD2yaRAhBTVE4E\"><span class=\"_5aw4 _qdz\">#<\/span><span class=\"_5ayu\">confiance<\/span><\/a>\u00a0en soi et le\u00a0<a class=\"_5ayv _qdx\" href=\"https:\/\/m.facebook.com\/hashtag\/charisme?refid=52&amp;__tn__=%2As-R&amp;paipv=0&amp;eav=AfZ3cOYB-kxYZaor61sr1weTtvwhry2QEJsZn4KE9u8-ZGYPgxWCdb41aVuf6fUp7CI\"><span class=\"_5aw4 _qdz\">#<\/span><span class=\"_5ayu\">charisme<\/span><\/a>. C\u2019est une pierre de feux qui apporte la\u00a0<a class=\"_5ayv _qdx\" href=\"https:\/\/m.facebook.com\/hashtag\/vitalit%C3%A9?refid=52&amp;__tn__=%2As-R&amp;paipv=0&amp;eav=AfYmqh4dVT-bZ9VOCrF4YJbqQRofT9EtBRF9sDFs1If3JerGF3ZQ2jLD5NHsDyCeFgw\"><span class=\"_5aw4 _qdz\">#<\/span><span class=\"_5ayu\">vitalit\u00e9<\/span><\/a>. La cornaline est recommand\u00e9e \u00e9galement pour ses propri\u00e9t\u00e9s anti-inflammatoires<\/p>\n<p>Cr\u00e9ation fait main \u00e0 l\u2019adoption d\u00e8s aujourd\u2019hui ,une petite perle de bijou pour vous\u00a0<span class=\"_5mfr\"><span class=\"_6qdm\">\ud83d\udc9a<\/span><\/span><span class=\"_5mfr\"><span class=\"_6qdm\">\ud83e\udde1<\/span><\/span><\/p>\n<p>Belle d\u00e9couverte<\/p>\n<p>\ud835\udcd2\ud835\udcf8\ud835\udcfe\ud835\udcf5\ud835\udcee\ud835\udcfe\ud835\udcfb\ud835\udcfc \ud835\udcd2\ud835\udcf1\ud835\udcea\ud835\udcf4\ud835\udcfb\ud835\udcea\ud835\udcfc<\/p>\n","protected":false},"excerpt":{"rendered":"<div class=\"woocommerce-product-details__short-description\">\n<p>D\u00e9couvrez l\u2019alliance parfaite de ce duo :<\/p>\n<p>.\u00a0<span class=\"_5mfr\"><span class=\"_6qdm\">\ud83e\udde1<\/span><\/span><span class=\"_5mfr\"><span class=\"_6qdm\">\ud83d\udc9a<\/span><\/span>\u00a0J\u1d00\u1d05\u1d07 \u1d07\u1d1b C\u1d0f\u0280\u0274\u1d00\u029f\u026a\u0274\u1d07\u00a0<span class=\"_5mfr\"><span class=\"_6qdm\">\ud83d\udc9a<\/span><\/span><span class=\"_5mfr\"><span class=\"_6qdm\">\ud83e\udde1<\/span><\/span><\/p>\n<\/div>\n","protected":false},"featured_media":3371,"comment_status":"open","ping_status":"closed","template":"","meta":{"_kadence_starter_templates_imported_post":false,"_kad_post_transparent":"default","_kad_post_title":"","_kad_post_layout":"default","_kad_post_sidebar_id":"","_kad_post_content_style":"default","_kad_post_vertical_padding":"default","_kad_post_feature":"","_kad_post_feature_position":"","_kad_post_header":false,"_kad_post_footer":false,"_kad_post_classname":""},"product_brand":[],"product_cat":[20],"product_tag":[],"class_list":{"0":"post-7145","1":"product","2":"type-product","3":"status-publish","4":"has-post-thumbnail","6":"product_cat-bracelet","8":"first","9":"instock","10":"taxable","11":"shipping-taxable","12":"purchasable","13":"product-type-variable","14":"entry","15":"content-bg","16":"loop-entry"},"jetpack_sharing_enabled":true,"_links":{"self":[{"href":"https:\/\/couleurs-chakras.com\/index.php\/wp-json\/wp\/v2\/product\/7145","targetHints":{"allow":["GET"]}}],"collection":[{"href":"https:\/\/couleurs-chakras.com\/index.php\/wp-json\/wp\/v2\/product"}],"about":[{"href":"https:\/\/couleurs-chakras.com\/index.php\/wp-json\/wp\/v2\/types\/product"}],"replies":[{"embeddable":true,"href":"https:\/\/couleurs-chakras.com\/index.php\/wp-json\/wp\/v2\/comments?post=7145"}],"wp:featuredmedia":[{"embeddable":true,"href":"https:\/\/couleurs-chakras.com\/index.php\/wp-json\/wp\/v2\/media\/3371"}],"wp:attachment":[{"href":"https:\/\/couleurs-chakras.com\/index.php\/wp-json\/wp\/v2\/media?parent=7145"}],"wp:term":[{"taxonomy":"product_brand","embeddable":true,"href":"https:\/\/couleurs-chakras.com\/index.php\/wp-json\/wp\/v2\/product_brand?post=7145"},{"taxonomy":"product_cat","embeddable":true,"href":"https:\/\/couleurs-chakras.com\/index.php\/wp-json\/wp\/v2\/product_cat?post=7145"},{"taxonomy":"product_tag","embeddable":true,"href":"https:\/\/couleurs-chakras.com\/index.php\/wp-json\/wp\/v2\/product_tag?post=7145"}],"curies":[{"name":"wp","href":"https:\/\/api.w.org\/{rel}","templated":true}]}}