{"id":6446,"date":"2023-05-20T08:49:48","date_gmt":"2023-05-20T06:49:48","guid":{"rendered":"https:\/\/couleurs-chakras.com\/?post_type=product&#038;p=6446"},"modified":"2026-03-04T08:33:12","modified_gmt":"2026-03-04T07:33:12","slug":"les-animaux-et-la-lithotherapie","status":"publish","type":"product","link":"https:\/\/couleurs-chakras.com\/index.php\/product\/les-animaux-et-la-lithotherapie\/","title":{"rendered":"\ud83d\udc9a Pendentif bien-\u00eatre pour chien ou chat en Amazonite \ud83d\udc3e  \u00a0"},"content":{"rendered":"<p style=\"text-align: center;\">Pierre de l\u2019apaisement et de l\u2019harmonie, l\u2019amazonite est une alli\u00e9e pr\u00e9cieuse pour les chiens sensibles, \u00e9motifs ou facilement stress\u00e9s.<\/p>\n<p>\u2728 Ses bienfaits pour les animaux :<\/p>\n<p>\ud83d\udc9a Apaise les \u00e9motions excessives et les tensions<\/p>\n<p>\ud83d\udc9a Aide lors des changements (d\u00e9m\u00e9nagement, adoption, absences)<\/p>\n<p>\ud83d\udc9a Favorise un sentiment de s\u00e9curit\u00e9<\/p>\n<p>\ud83d\udc9a Soutient les chiens r\u00e9actifs ou hypersensibles<\/p>\n<p>&nbsp;<\/p>\n<p>Associ\u00e9e \u00e0 cette patte verte, symbole d\u2019\u00e9quilibre et de gu\u00e9rison, l\u2019amazonite agit comme une pr\u00e9sence douce et rassurante, id\u00e9ale pour accompagner le quotidien de nos compagnons \ud83d\udc15<\/p>\n<p>\ud83c\udf3f Port\u00e9e sur le collier, elle diffuse une \u00e9nergie calme et protectrice, aidant le chien \u00e0 retrouver son rythme naturel et sa s\u00e9r\u00e9nit\u00e9.<\/p>\n<p>Un petit talisman de paix pour les c\u0153urs sensibles \ud83d\udc9a\u2728<\/p>\n<p>Livr\u00e9 sans collier<\/p>\n<p>(3 disponibles)<\/p>\n","protected":false},"excerpt":{"rendered":"<div dir=\"auto\">Tout comme nous, les animaux et plus particuli\u00e8rement nos animaux de compagnie \u00ab\u00a0dociles\u00a0\u00bb peuvent recevoir des soins par la lithoth\u00e9rapie.<\/div>\n<div dir=\"auto\"><\/div>\n<div dir=\"auto\"><\/div>\n<div dir=\"auto\"><\/div>\n","protected":false},"featured_media":9303,"comment_status":"open","ping_status":"closed","template":"","meta":{"_kadence_starter_templates_imported_post":false,"_kad_post_transparent":"default","_kad_post_title":"","_kad_post_layout":"default","_kad_post_sidebar_id":"","_kad_post_content_style":"default","_kad_post_vertical_padding":"default","_kad_post_feature":"","_kad_post_feature_position":"","_kad_post_header":false,"_kad_post_footer":false,"_kad_post_classname":""},"product_brand":[],"product_cat":[61],"product_tag":[],"class_list":{"0":"post-6446","1":"product","2":"type-product","3":"status-publish","4":"has-post-thumbnail","6":"product_cat-espace-animaux","8":"first","9":"instock","10":"taxable","11":"shipping-taxable","12":"purchasable","13":"product-type-simple","14":"entry","15":"content-bg","16":"loop-entry"},"jetpack_sharing_enabled":true,"_links":{"self":[{"href":"https:\/\/couleurs-chakras.com\/index.php\/wp-json\/wp\/v2\/product\/6446","targetHints":{"allow":["GET"]}}],"collection":[{"href":"https:\/\/couleurs-chakras.com\/index.php\/wp-json\/wp\/v2\/product"}],"about":[{"href":"https:\/\/couleurs-chakras.com\/index.php\/wp-json\/wp\/v2\/types\/product"}],"replies":[{"embeddable":true,"href":"https:\/\/couleurs-chakras.com\/index.php\/wp-json\/wp\/v2\/comments?post=6446"}],"wp:featuredmedia":[{"embeddable":true,"href":"https:\/\/couleurs-chakras.com\/index.php\/wp-json\/wp\/v2\/media\/9303"}],"wp:attachment":[{"href":"https:\/\/couleurs-chakras.com\/index.php\/wp-json\/wp\/v2\/media?parent=6446"}],"wp:term":[{"taxonomy":"product_brand","embeddable":true,"href":"https:\/\/couleurs-chakras.com\/index.php\/wp-json\/wp\/v2\/product_brand?post=6446"},{"taxonomy":"product_cat","embeddable":true,"href":"https:\/\/couleurs-chakras.com\/index.php\/wp-json\/wp\/v2\/product_cat?post=6446"},{"taxonomy":"product_tag","embeddable":true,"href":"https:\/\/couleurs-chakras.com\/index.php\/wp-json\/wp\/v2\/product_tag?post=6446"}],"curies":[{"name":"wp","href":"https:\/\/api.w.org\/{rel}","templated":true}]}}