{"id":10056,"date":"2026-03-16T20:55:46","date_gmt":"2026-03-16T19:55:46","guid":{"rendered":"https:\/\/couleurs-chakras.com\/?post_type=product&#038;p=10056"},"modified":"2026-03-16T21:01:54","modified_gmt":"2026-03-16T20:01:54","slug":"porte-cles-pendule-amethyste-papillon","status":"publish","type":"product","link":"https:\/\/couleurs-chakras.com\/index.php\/product\/porte-cles-pendule-amethyste-papillon\/","title":{"rendered":"Porte cl\u00e9s pendule amethyste papillon"},"content":{"rendered":"<p>\u200b\ud83d\udc9c \u00c9dition Limit\u00e9e 2026 : Le Pendentif \u00ab\u00a0Symphonie Mystique\u00a0\u00bb<\/p>\n<p>\u200bD\u00e9couvrez une pi\u00e8ce d\u2019exception qui allie la l\u00e9g\u00e8ret\u00e9 de l\u2019air \u00e0 la force de la terre. Ce pendentif multi-charme, con\u00e7u pour l&rsquo;ann\u00e9e 2026, est une v\u00e9ritable ode \u00e0 la spiritualit\u00e9 et \u00e0 l&rsquo;\u00e9l\u00e9gance boh\u00e8me.<\/p>\n<p>\u200bComposition &amp; Symbolisme<\/p>\n<p>\u200bChaque \u00e9l\u00e9ment a \u00e9t\u00e9 soigneusement s\u00e9lectionn\u00e9 pour son esth\u00e9tique et ses vibrations :<\/p>\n<p>\u200bLe Pendule en Am\u00e9thyste : V\u00e9ritable outil de connexion, ce cristal facett\u00e9 est reconnu pour favoriser le calme mental et l&rsquo;intuition. Sa forme en pointe d&rsquo;\u00e9nergie guide vos pas avec clart\u00e9.<\/p>\n<p>\u200bLa Plume \u00c9th\u00e9r\u00e9e : D&rsquo;un violet profond, elle apporte une touche de douceur et symbolise la libert\u00e9 de l&rsquo;esprit et la protection c\u00e9leste.<\/p>\n<p>\u200bLe Papillon de Cristal : Embl\u00e8me de m\u00e9tamorphose et de renaissance, il scintille au gr\u00e9 de vos mouvements, rappelant la beaut\u00e9 du changement.<\/p>\n<p>\u200bPerles d&rsquo;Am\u00e9thyste Naturelle : Un chapelet de perles v\u00e9ritables vient sublimer l&rsquo;ensemble pour une harmonie chromatique parfaite.<\/p>\n","protected":false},"excerpt":{"rendered":"<p>\u200b\ud83d\udc9c \u00c9dition Limit\u00e9e 2026 : Le Pendentif \u00ab\u00a0Symphonie Mystique\u00a0\u00bb \u200bD\u00e9couvrez une pi\u00e8ce d\u2019exception qui allie la l\u00e9g\u00e8ret\u00e9 de l\u2019air \u00e0 la force de la terre. Ce pendentif multi-charme, con\u00e7u pour l&rsquo;ann\u00e9e 2026, est une v\u00e9ritable ode \u00e0 la spiritualit\u00e9 et \u00e0 l&rsquo;\u00e9l\u00e9gance boh\u00e8me. \u200bComposition &amp; Symbolisme \u200bChaque \u00e9l\u00e9ment a \u00e9t\u00e9 soigneusement s\u00e9lectionn\u00e9 pour son esth\u00e9tique&#8230;<\/p>\n","protected":false},"featured_media":10058,"comment_status":"open","ping_status":"closed","template":"","meta":{"_kadence_starter_templates_imported_post":false,"_kad_post_transparent":"default","_kad_post_title":"","_kad_post_layout":"default","_kad_post_sidebar_id":"","_kad_post_content_style":"default","_kad_post_vertical_padding":"default","_kad_post_feature":"","_kad_post_feature_position":"","_kad_post_header":false,"_kad_post_footer":false,"_kad_post_classname":""},"product_brand":[],"product_cat":[60],"product_tag":[],"class_list":{"0":"post-10056","1":"product","2":"type-product","3":"status-publish","4":"has-post-thumbnail","6":"product_cat-accessoires","8":"first","9":"instock","10":"taxable","11":"shipping-taxable","12":"purchasable","13":"product-type-simple","14":"entry","15":"content-bg","16":"loop-entry"},"jetpack_sharing_enabled":true,"_links":{"self":[{"href":"https:\/\/couleurs-chakras.com\/index.php\/wp-json\/wp\/v2\/product\/10056","targetHints":{"allow":["GET"]}}],"collection":[{"href":"https:\/\/couleurs-chakras.com\/index.php\/wp-json\/wp\/v2\/product"}],"about":[{"href":"https:\/\/couleurs-chakras.com\/index.php\/wp-json\/wp\/v2\/types\/product"}],"replies":[{"embeddable":true,"href":"https:\/\/couleurs-chakras.com\/index.php\/wp-json\/wp\/v2\/comments?post=10056"}],"wp:featuredmedia":[{"embeddable":true,"href":"https:\/\/couleurs-chakras.com\/index.php\/wp-json\/wp\/v2\/media\/10058"}],"wp:attachment":[{"href":"https:\/\/couleurs-chakras.com\/index.php\/wp-json\/wp\/v2\/media?parent=10056"}],"wp:term":[{"taxonomy":"product_brand","embeddable":true,"href":"https:\/\/couleurs-chakras.com\/index.php\/wp-json\/wp\/v2\/product_brand?post=10056"},{"taxonomy":"product_cat","embeddable":true,"href":"https:\/\/couleurs-chakras.com\/index.php\/wp-json\/wp\/v2\/product_cat?post=10056"},{"taxonomy":"product_tag","embeddable":true,"href":"https:\/\/couleurs-chakras.com\/index.php\/wp-json\/wp\/v2\/product_tag?post=10056"}],"curies":[{"name":"wp","href":"https:\/\/api.w.org\/{rel}","templated":true}]}}